{"id":865,"date":"2018-06-04T03:58:36","date_gmt":"2018-06-04T01:58:36","guid":{"rendered":"http:\/\/atelierryokan.fr\/?page_id=865"},"modified":"2026-04-02T00:51:20","modified_gmt":"2026-04-01T22:51:20","slug":"expositions","status":"publish","type":"page","link":"https:\/\/atelierryokan.fr\/index.php\/expositions\/","title":{"rendered":"Atelier Ryokan \u23b8 Cours de poterie \/ Pottery class"},"content":{"rendered":"\n<p class=\"has-text-align-center has-cyan-bluish-gray-background-color has-background\"><strong>Laurence dispense des cours de poterie modelage et tournage, <br>pour d\u00e9butants ou confirm\u00e9s, <br>dans son atelier tout proche du centre ville \u00e0 Th\u00f4nes (74, Haute-Savoie, France) <br>pr\u00e8s d&rsquo;Annecy, La Clusaz et Gen\u00e8ve.<\/strong><br><a href=\"https:\/\/atelierryokan.fr\/index.php\/contact\/\">Pour <\/a><a href=\"https:\/\/atelierryokan.fr\/index.php\/boncadeau\/\" data-type=\"page\" data-id=\"1500\">une id\u00e9e-cadeau<\/a><a href=\"https:\/\/atelierryokan.fr\/index.php\/contact\/\">, une visite et\/ou tout simplement vous inscrire, pr\u00e9venir svp un peu avant de venir.<\/a><br><br>\u00c0 votre rythme, m\u00eame pendant les vacances scolaires, venez d\u00e9couvrir la poterie ! <br>Lors de cours ou stages, Laurence saura vous indiquer les gestes et techniques qui permettent de progresser rapidement et obtenir des cr\u00e9ations \u00e0 votre go\u00fbt !<\/p>\n\n\n\n<p class=\"has-text-align-center has-cyan-bluish-gray-background-color has-background\">En plus, \u00e0 la demande de parents, atelier ouvert aux 6-11 ans, le mercredi toute l&rsquo;ann\u00e9e et pendant les vacances scolaires. <br>Les enfants sont heureux de cr\u00e9er des r\u00e9alisations toujours diff\u00e9rentes \u00e0 chacune de leur venue.<br>Possibilit\u00e9 d&rsquo;organiser des ateliers-anniversaires (5 enfants max.)<\/p>\n\n\n\n<p class=\"has-text-align-center has-cyan-bluish-gray-background-color has-background\">Vous souhaitez offrir un bon cadeau \u00e0 l&rsquo;un de vos proches ?<br><a href=\"https:\/\/atelierryokan.fr\/index.php\/boncadeau\/\" data-type=\"link\" data-id=\"https:\/\/atelierryokan.fr\/index.php\/boncadeau\/\" target=\"_blank\" rel=\"noreferrer noopener\">Cliquez ici !<\/a><\/p>\n\n\n\n<p class=\"has-text-align-center\">\u2022\u2022\u2022<\/p>\n\n\n<div class=\"wp-block-image\">\n<figure class=\"aligncenter size-full is-resized\"><img loading=\"lazy\" decoding=\"async\" width=\"2560\" height=\"1920\" src=\"https:\/\/atelierryokan.fr\/wp-content\/uploads\/2024\/09\/IMG_4563-1-scaled.jpg\" alt=\"\" class=\"wp-image-1472\" style=\"width:436px;height:auto\" srcset=\"https:\/\/atelierryokan.fr\/wp-content\/uploads\/2024\/09\/IMG_4563-1-scaled.jpg 2560w, https:\/\/atelierryokan.fr\/wp-content\/uploads\/2024\/09\/IMG_4563-1-300x225.jpg 300w, https:\/\/atelierryokan.fr\/wp-content\/uploads\/2024\/09\/IMG_4563-1-768x576.jpg 768w, https:\/\/atelierryokan.fr\/wp-content\/uploads\/2024\/09\/IMG_4563-1-1536x1152.jpg 1536w, https:\/\/atelierryokan.fr\/wp-content\/uploads\/2024\/09\/IMG_4563-1-2048x1536.jpg 2048w\" sizes=\"auto, (max-width: 2560px) 100vw, 2560px\" \/><\/figure>\n<\/div>\n\n\n<p class=\"has-text-align-center has-cyan-bluish-gray-background-color has-background\"><strong>COURS DE POTERIE MODELAGE POUR ENFANTS <\/strong><br><strong>(DE 6 \u00c0 11 ANS)<\/strong><br>Cours de 2h = 40\u20ac\/enfant<br>La carte de 10 cours de 2h (valable 6 mois) = 360\u20ac\/enfant<br>Cela inclut la terre (gr\u00e8s), le nettoyage de l&rsquo;atelier, et les cuissons des cr\u00e9ations.<br><br><strong>Prochains cours enfants :<\/strong><br><strong>\u2022 Lundi 6\/04\/2026 (14h00-16h00) <\/strong><br>\u2022 <strong>Mercredi 8\/04\/2026 (10h00-12h00)<\/strong><br>\u2022 <strong>Mercredi 8\/04\/2026 (13h30-15h30)<\/strong><br>+ quelques cours en plus pendant les vacances scolaires<br><strong>\u2022 Mercredi 6\/05\/2026 (13h30-15h30)<br>\u2022 Mercredi 13\/05\/2026 (13h30-15h30)<br>\u2022 Mercredi 20\/05\/2026 (13h30-15h30)<\/strong><br><strong>\u2022 Mercredi 27\/05\/2026 (13h30-15h30)<br><\/strong><br><em>D&rsquo;autres cr\u00e9neaux possibles sur simple demande.<\/em><\/p>\n\n\n\n<p class=\"has-text-align-center\">\u2022\u2022\u2022<\/p>\n\n\n<div class=\"wp-block-image\">\n<figure class=\"aligncenter size-full is-resized\"><img loading=\"lazy\" decoding=\"async\" width=\"640\" height=\"642\" src=\"https:\/\/atelierryokan.fr\/wp-content\/uploads\/2024\/09\/IMG_E1172.jpg\" alt=\"\" class=\"wp-image-1469\" style=\"width:318px;height:auto\" srcset=\"https:\/\/atelierryokan.fr\/wp-content\/uploads\/2024\/09\/IMG_E1172.jpg 640w, https:\/\/atelierryokan.fr\/wp-content\/uploads\/2024\/09\/IMG_E1172-300x300.jpg 300w, https:\/\/atelierryokan.fr\/wp-content\/uploads\/2024\/09\/IMG_E1172-150x150.jpg 150w\" sizes=\"auto, (max-width: 640px) 100vw, 640px\" \/><\/figure>\n<\/div>\n\n\n<p class=\"has-text-align-center has-cyan-bluish-gray-background-color has-background\"><strong>COURS DE POTERIE HEBDOMADAIRES <\/strong><br><strong>(POUR ADOLESCENTS ET ADULTES<\/strong>)<br>Cours de 2h = 60\u20ac\/personne<br>10 cours par trimestre de 2h par semaine = 560\u20ac\/personne*<br><strong>\u2022 Lundi 14h30-16h30 ou 19h-21h<br>\u2022 Mardi 16h-18h ou 20h-22h<br>\u2022 Jeudi 15h30-17h30 ou 19h-21h<\/strong><br><strong>\u2022 Vendredi 10h-12h<\/strong><br><br><em>D&rsquo;autres cr\u00e9neaux possibles sur simple demande.<\/em><\/p>\n\n\n\n<p class=\"has-text-align-center has-cyan-bluish-gray-background-color has-background has-small-font-size\">Les inscriptions se font par trimestre. Maximum 3 \u00e9l\u00e8ves par cours.<br>*Chaque trimestre commenc\u00e9 est d\u00fb en entier. L&rsquo;\u00e9l\u00e8ve dispose d&rsquo;un espace r\u00e9serv\u00e9 sur \u00e9tag\u00e8re. <br>Cela inclut la terre (gr\u00e8s), le nettoyage de l&rsquo;atelier, et les cuissons des cr\u00e9ations.<\/p>\n\n\n\n<p class=\"has-text-align-center\">\u2022\u2022\u2022<\/p>\n\n\n\n<p class=\"has-text-align-center has-cyan-bluish-gray-background-color has-background\"><strong>STAGE TOUR DE POTIER <\/strong><br><strong>(POUR ADOLESCENTS ET ADULTES) <\/strong><br>3 x 3h = 270\u20ac\/personne*<br><strong>Prochains stages :<\/strong><br><strong>\u2022 Lundi 13, mardi 14, mercredi 15\/04\/2026 (9h-12h)<\/strong><br><strong>\u2022 Lundi 4, mardi 5\/05 <strong>(14h-17h)<\/strong><\/strong>, <strong>jeudi 7\/05\/2026 (9h-12h)<\/strong><br><strong>\u2022 Jeudi 28 + Vendredi 29 + Samedi 30\/05\/2026 (9h-12h)<\/strong><br><\/p>\n\n\n\n<p class=\"has-text-align-center has-cyan-bluish-gray-background-color has-background\"><strong>STAGE MODELAGE-TOURNAGE<\/strong><br><strong>(POUR ADOLESCENTS ET ADULTES) <\/strong><br>2 jours x 6h = 360\u20ac\/personne*<br><strong>Prochains stages :<\/strong><br><strong>\u2022 Samedi 6\/06 et dimanche 7\/06\/2026 (10h-13h + 14h-17h)<\/strong><br><\/p>\n\n\n\n<p class=\"has-text-align-center has-cyan-bluish-gray-background-color has-background has-small-font-size\">Autres cr\u00e9neaux possibles de 2h \u00e0 5 jours sur demande \u00e0 30\u20ac\/heure par participant.<br><br>*Chaque stage commenc\u00e9 est d\u00fb en entier. <br>Cela inclut la terre (gr\u00e8s), le nettoyage de l&rsquo;atelier, et les cuissons des cr\u00e9ations.<\/p>\n\n\n\n<p class=\"has-text-align-center\">\u2022\u2022\u2022<\/p>\n\n\n\n<p class=\"has-text-align-center has-cyan-bluish-gray-background-color has-background\">Vous souhaitez venir \u00e0 2 ? en famille ? pour un \u00e9v\u00e9nement sp\u00e9cial ? un teambuilding ?<br><a href=\"https:\/\/atelierryokan.fr\/index.php\/contact\/\" data-type=\"link\" data-id=\"https:\/\/atelierryokan.fr\/index.php\/contact\/\">Contactez Laurence.<\/a><br><br>Visite sur rendez-vous : +33(0)6 83 26 07 34<br>Atelier Ryokan : 3 all\u00e9e Fran\u00e7ois Cochat, 74230 Th\u00f4nes &#8211; France<\/p>\n\n\n\n<div class=\"wp-block-group has-cyan-bluish-gray-background-color has-background\"><div class=\"wp-block-group__inner-container is-layout-constrained wp-block-group-is-layout-constrained\"><div class=\"wp-block-image is-style-rounded\">\n<figure class=\"aligncenter size-full is-resized\"><img loading=\"lazy\" decoding=\"async\" width=\"1988\" height=\"2267\" src=\"https:\/\/atelierryokan.fr\/wp-content\/uploads\/2024\/07\/Logo_LABEL_FamillePlus_Q-01-1.png\" alt=\"\" class=\"wp-image-1463\" style=\"aspect-ratio:1;object-fit:cover;width:197px;height:auto\" srcset=\"https:\/\/atelierryokan.fr\/wp-content\/uploads\/2024\/07\/Logo_LABEL_FamillePlus_Q-01-1.png 1988w, https:\/\/atelierryokan.fr\/wp-content\/uploads\/2024\/07\/Logo_LABEL_FamillePlus_Q-01-1-263x300.png 263w, https:\/\/atelierryokan.fr\/wp-content\/uploads\/2024\/07\/Logo_LABEL_FamillePlus_Q-01-1-768x876.png 768w, https:\/\/atelierryokan.fr\/wp-content\/uploads\/2024\/07\/Logo_LABEL_FamillePlus_Q-01-1-1347x1536.png 1347w, https:\/\/atelierryokan.fr\/wp-content\/uploads\/2024\/07\/Logo_LABEL_FamillePlus_Q-01-1-1796x2048.png 1796w\" sizes=\"auto, (max-width: 1988px) 100vw, 1988px\" \/><\/figure>\n<\/div>\n\n\n<p class=\"has-text-align-center\">Pour \u00eatre inform\u00e9 r\u00e9guli\u00e8rement des \u00e9v\u00e9nements, <a href=\"https:\/\/www.instagram.com\/atelierryokan\/\" data-type=\"link\" data-id=\"https:\/\/www.instagram.com\/atelierryokan\/\" target=\"_blank\" rel=\"noreferrer noopener\">abonnez-vous @AtelierRyokan sur Instagram<\/a>. <br>Pour d\u00e9couvrir ma pratique et progresser, <a href=\"https:\/\/www.youtube.com\/channel\/UC_wHMA_N_ktzxNtjfXipHaA\">rejoignez ma cha\u00eene YouTube<\/a> !<br><\/p>\n<\/div><\/div>\n\n\n\n<blockquote class=\"wp-block-quote is-layout-flow wp-block-quote-is-layout-flow\">\n<p><\/p>\n<\/blockquote>\n\n\n\n<div class=\"wp-block-group has-cyan-bluish-gray-background-color has-background\"><div class=\"wp-block-group__inner-container is-layout-constrained wp-block-group-is-layout-constrained\">\n<p class=\"has-text-align-center\"><br><img loading=\"lazy\" decoding=\"async\" width=\"150\" height=\"187\" class=\"wp-image-1622\" style=\"width: 150px;\" src=\"https:\/\/atelierryokan.fr\/wp-content\/uploads\/2026\/03\/Logo-PassPassion-couleurs.png\" alt=\"\" srcset=\"https:\/\/atelierryokan.fr\/wp-content\/uploads\/2026\/03\/Logo-PassPassion-couleurs.png 1890w, https:\/\/atelierryokan.fr\/wp-content\/uploads\/2026\/03\/Logo-PassPassion-couleurs-240x300.png 240w, https:\/\/atelierryokan.fr\/wp-content\/uploads\/2026\/03\/Logo-PassPassion-couleurs-768x960.png 768w, https:\/\/atelierryokan.fr\/wp-content\/uploads\/2026\/03\/Logo-PassPassion-couleurs-1229x1536.png 1229w, https:\/\/atelierryokan.fr\/wp-content\/uploads\/2026\/03\/Logo-PassPassion-couleurs-1639x2048.png 1639w\" sizes=\"auto, (max-width: 150px) 100vw, 150px\" \/><\/p>\n\n\n\n<p class=\"has-text-align-center\">Formation \u00e9ligible aux sources de financements publics telles que le CPF, France Travail, OPCO et FAF,<br>en partenariat avec l&rsquo;organisme de formation PASSPASSION<\/p>\n\n\n\n<p class=\"has-text-align-center\">Pour plus d&rsquo;informations : <a href=\"https:\/\/www.passpassion.fr\/p\/54415-formation-tournage-ceramique-annecy\/\" target=\"_blank\" rel=\"noreferrer noopener\">cliquez ici !<\/a><br><\/p>\n<\/div><\/div>\n\n\n\n<p><\/p>\n\n\n\n<p><span style=\"font-size: 10px;\">2026 \u00a9AtelierRyokan <a href=\"http:\/\/atelierryokan.fr\/index.php\/mentions-legales\/\">Mentions l\u00e9gales<\/a><\/span> <span style=\"font-size: 10px;\">Mise \u00e0 jour de cette page faite le 02\/04\/2026<\/span><\/p>\n\n\n\n<p><\/p>\n","protected":false},"excerpt":{"rendered":"<p>Laurence dispense des cours de poterie modelage et tournage, pour d\u00e9butants ou confirm\u00e9s, dans son atelier tout proche du centre&#8230;<\/p>\n","protected":false},"author":1,"featured_media":0,"parent":0,"menu_order":0,"comment_status":"closed","ping_status":"closed","template":"template-bg-slider.php","meta":{"_exactmetrics_skip_tracking":false,"_exactmetrics_sitenote_active":false,"_exactmetrics_sitenote_note":"","_exactmetrics_sitenote_category":0,"footnotes":""},"class_list":["post-865","page","type-page","status-publish","hentry"],"_links":{"self":[{"href":"https:\/\/atelierryokan.fr\/index.php\/wp-json\/wp\/v2\/pages\/865","targetHints":{"allow":["GET"]}}],"collection":[{"href":"https:\/\/atelierryokan.fr\/index.php\/wp-json\/wp\/v2\/pages"}],"about":[{"href":"https:\/\/atelierryokan.fr\/index.php\/wp-json\/wp\/v2\/types\/page"}],"author":[{"embeddable":true,"href":"https:\/\/atelierryokan.fr\/index.php\/wp-json\/wp\/v2\/users\/1"}],"replies":[{"embeddable":true,"href":"https:\/\/atelierryokan.fr\/index.php\/wp-json\/wp\/v2\/comments?post=865"}],"version-history":[{"count":184,"href":"https:\/\/atelierryokan.fr\/index.php\/wp-json\/wp\/v2\/pages\/865\/revisions"}],"predecessor-version":[{"id":1638,"href":"https:\/\/atelierryokan.fr\/index.php\/wp-json\/wp\/v2\/pages\/865\/revisions\/1638"}],"wp:attachment":[{"href":"https:\/\/atelierryokan.fr\/index.php\/wp-json\/wp\/v2\/media?parent=865"}],"curies":[{"name":"wp","href":"https:\/\/api.w.org\/{rel}","templated":true}]}}