{"id":815,"date":"2018-06-03T23:58:10","date_gmt":"2018-06-03T21:58:10","guid":{"rendered":"http:\/\/atelierryokan.fr\/?page_id=815"},"modified":"2026-02-09T23:03:11","modified_gmt":"2026-02-09T22:03:11","slug":"laurence-franceschini","status":"publish","type":"page","link":"https:\/\/atelierryokan.fr\/index.php\/laurence-franceschini\/","title":{"rendered":"Atelier Ryokan \u23b8 Laurence Franceschini, c\u00e9ramiste, artisan d&rsquo;art"},"content":{"rendered":"\n<p class=\"has-black-color has-text-color has-normal-font-size\"><\/p>\n\n\n<p><img loading=\"lazy\" decoding=\"async\" class=\"wp-image-784 size-medium alignright\" src=\"https:\/\/atelierryokan.fr\/wp-content\/uploads\/2018\/06\/0505_AtelierRyokan_DSC5628_printedit-300x300.jpg\" alt=\"\" width=\"300\" height=\"300\" \/><\/p>\n<p>\u00c0 l&rsquo;\u00e2ge de 12 ans, en 1988, Laurence Franceschini r\u00e9alise assez instinctivement ses premiers bols au tour de potier.<\/p>\n<p>C&rsquo;est en 2012 qu&rsquo;elle commence s\u00e9rieusement la poterie en s&rsquo;inscrivant aux cours hebdomadaires de Kayoko Hayasaki (<a href=\"http:\/\/www.ceramique-paris.fr\">C\u00e9ramique-Paris<\/a>). La rencontre d\u00e9terminante pour la suite.<\/p>\n<p>Apr\u00e8s 15 ans en soci\u00e9t\u00e9s de conseil, Laurence se d\u00e9cide en 2015 \u00e0 suivre la professionnalisation dipl\u00f4mante de Christophe Bonnard et Gr\u00e9goire Scalabre qui conforte sa reconversion vers le m\u00e9tier de c\u00e9ramiste. <br \/>CAP en poche en 2016, elle devient professeur dans l&rsquo;atelier parisien de Kayoko Hayasaki, et int\u00e8gre en 2017 le P\u00f4le des M\u00e9tiers d&rsquo;Art d&rsquo;Est Ensemble-Grand Paris, en r\u00e9sidence \u00e0 la Maison Revel \u00e0 Pantin (93). <br \/>Elle re\u00e7oit, en 2018, la qualit\u00e9 d&rsquo;Artisan d&rsquo;Art par la Chambre des M\u00e9tiers et de l&rsquo;Artisanat du Val de Marne (94). Laurence vient en renfort sur des formations professionnelles de pr\u00e9paration au CAP tournage en c\u00e9ramique. Elle dispense aussi des cours par webcam tous niveaux <a href=\"https:\/\/www.superprof.fr\/cours-tour-potier-permettre-debuter-progresser-diplomee-cap-tournage-ceramique-2016.html\" target=\"_blank\" rel=\"noopener\">via SuperProf<\/a>.<\/p>\n<p>Il est d\u00e9j\u00e0 loin son petit atelier install\u00e9 au Perreux-sur-Marne (94) ! Laurence rejoint en 2023 les montagnes fran\u00e7aises pr\u00e8s d&rsquo;Annecy, La Clusaz, Gen\u00e8ve, \u00e0 Th\u00f4nes en Haute-Savoie (74) pour plus d&rsquo;espace et de nature. Elle cr\u00e9e toujours toutes ses c\u00e9ramiques enti\u00e8rement \u00e0 la main, souvent au tour de potier, des pi\u00e8ces uniques en gr\u00e8s ou en porcelaine, qu&rsquo;elle signe \u00ab\u00a0Atelier Ryokan\u00a0\u00bb.<\/p>\n<p><a href=\"https:\/\/www.passpassion.fr\/p\/54415-formation-tournage-ceramique-annecy\/\" target=\"_blank\" rel=\"noopener\">En partenariat avec PassPassion<\/a> : \u00e9ligibilit\u00e9 possible de leur offre de formation \u00e0 diff\u00e9rents financements (CPF, France Travail, OPCO&#8230;) sur les sessions que Laurence anime dans son atelier (cours limit\u00e9s \u00e0 3 participants). Pour plus d&rsquo;informations : <a href=\"https:\/\/www.passpassion.fr\/p\/54415-formation-tournage-ceramique-annecy\/\" target=\"_blank\" rel=\"noreferrer noopener\">cliquez ici !<\/a><\/p>\n<p><!-- \/wp:post-content --><\/p>\n<p><span style=\"font-size: 10px;\">2026 \u00a9AtelierRyokan <a href=\"http:\/\/www.atelierryokan.fr\/index.php\/mentions-legales\/\" target=\"_blank\" rel=\"noopener noreferrer\">Mentions l\u00e9gales<\/a><\/span><\/p>","protected":false},"excerpt":{"rendered":"<p>\u00c0 l&rsquo;\u00e2ge de 12 ans, en 1988, Laurence Franceschini r\u00e9alise assez instinctivement ses premiers bols au tour de potier. C&rsquo;est&#8230;<\/p>\n","protected":false},"author":1,"featured_media":0,"parent":0,"menu_order":0,"comment_status":"closed","ping_status":"closed","template":"template-about.php","meta":{"_exactmetrics_skip_tracking":false,"_exactmetrics_sitenote_active":false,"_exactmetrics_sitenote_note":"","_exactmetrics_sitenote_category":0,"footnotes":""},"class_list":["post-815","page","type-page","status-publish","hentry"],"_links":{"self":[{"href":"https:\/\/atelierryokan.fr\/index.php\/wp-json\/wp\/v2\/pages\/815","targetHints":{"allow":["GET"]}}],"collection":[{"href":"https:\/\/atelierryokan.fr\/index.php\/wp-json\/wp\/v2\/pages"}],"about":[{"href":"https:\/\/atelierryokan.fr\/index.php\/wp-json\/wp\/v2\/types\/page"}],"author":[{"embeddable":true,"href":"https:\/\/atelierryokan.fr\/index.php\/wp-json\/wp\/v2\/users\/1"}],"replies":[{"embeddable":true,"href":"https:\/\/atelierryokan.fr\/index.php\/wp-json\/wp\/v2\/comments?post=815"}],"version-history":[{"count":88,"href":"https:\/\/atelierryokan.fr\/index.php\/wp-json\/wp\/v2\/pages\/815\/revisions"}],"predecessor-version":[{"id":1617,"href":"https:\/\/atelierryokan.fr\/index.php\/wp-json\/wp\/v2\/pages\/815\/revisions\/1617"}],"wp:attachment":[{"href":"https:\/\/atelierryokan.fr\/index.php\/wp-json\/wp\/v2\/media?parent=815"}],"curies":[{"name":"wp","href":"https:\/\/api.w.org\/{rel}","templated":true}]}}