{"id":1500,"date":"2024-11-22T04:24:37","date_gmt":"2024-11-22T03:24:37","guid":{"rendered":"https:\/\/atelierryokan.fr\/?page_id=1500"},"modified":"2025-12-05T01:56:56","modified_gmt":"2025-12-05T00:56:56","slug":"boncadeau","status":"publish","type":"page","link":"https:\/\/atelierryokan.fr\/index.php\/boncadeau\/","title":{"rendered":"Pour les Bons Cadeaux"},"content":{"rendered":"<p><span style=\"font-size: revert;\"><strong><img loading=\"lazy\" decoding=\"async\" class=\"wp-image-1501 alignleft\" src=\"https:\/\/atelierryokan.fr\/wp-content\/uploads\/2024\/11\/IMG_7252-225x300.jpeg\" alt=\"\" width=\"161\" height=\"215\" srcset=\"https:\/\/atelierryokan.fr\/wp-content\/uploads\/2024\/11\/IMG_7252-225x300.jpeg 225w, https:\/\/atelierryokan.fr\/wp-content\/uploads\/2024\/11\/IMG_7252-768x1024.jpeg 768w, https:\/\/atelierryokan.fr\/wp-content\/uploads\/2024\/11\/IMG_7252-1152x1536.jpeg 1152w, https:\/\/atelierryokan.fr\/wp-content\/uploads\/2024\/11\/IMG_7252-1536x2048.jpeg 1536w, https:\/\/atelierryokan.fr\/wp-content\/uploads\/2024\/11\/IMG_7252-scaled.jpeg 1920w\" sizes=\"auto, (max-width: 161px) 100vw, 161px\" \/><\/strong>Que ce soit par les enfants, les adolescents ou les adultes, les cours de poterie sont reconnus pour leurs biens-faits, gr\u00e2ce au plaisir de cr\u00e9er de ses mains des pi\u00e8ces uniques, en modelage ou au tour de potier. Ce sont des <\/span>moments<span style=\"font-size: revert;\"> pour soi, tout en \u00e9tant accompagn\u00e9 du professeur dans des projets concrets.<\/span><\/p>\n<p><strong>Vous souhaitez offrir un ou des cours de poterie ?<br \/><\/strong><strong><img loading=\"lazy\" decoding=\"async\" class=\" wp-image-1470 alignright\" src=\"https:\/\/atelierryokan.fr\/wp-content\/uploads\/2024\/09\/IMG_1983-300x225.jpg\" alt=\"\" width=\"223\" height=\"167\" srcset=\"https:\/\/atelierryokan.fr\/wp-content\/uploads\/2024\/09\/IMG_1983-300x225.jpg 300w, https:\/\/atelierryokan.fr\/wp-content\/uploads\/2024\/09\/IMG_1983-768x576.jpg 768w, https:\/\/atelierryokan.fr\/wp-content\/uploads\/2024\/09\/IMG_1983-1536x1152.jpg 1536w, https:\/\/atelierryokan.fr\/wp-content\/uploads\/2024\/09\/IMG_1983.jpg 1600w\" sizes=\"auto, (max-width: 223px) 100vw, 223px\" \/><\/strong>La solution du bon cadeau est id\u00e9ale ! Il laissera, \u00e0 la personne qui le re\u00e7oit, une p\u00e9riode de 6 mois (\u00e0 partir de la date d&rsquo;achat) pour planifier son\/ses cours de poterie.<br \/>Vous choisissez le montant (minimum 2h recommand\u00e9).<\/p>\n<p>Sur ce bon cadeau num\u00e9rot\u00e9, il devra y \u00eatre sp\u00e9cifi\u00e9 le nom du b\u00e9n\u00e9ficiaire, et le nom de l&rsquo;offrant. Pr\u00e9par\u00e9, il sera \u00e0 r\u00e9cup\u00e9rer \u00e0 l&rsquo;atelier directement, ou sur le stand Atelier Ryokan d&rsquo;un \u00e9v\u00e9nement, ou encore pourra \u00eatre envoy\u00e9 par courrier postal en simple courrier.<br \/>Pour \u00eatre d\u00e9livr\u00e9, le r\u00e8glement est demand\u00e9 par ch\u00e8que, carte bancaire ou esp\u00e8ces. En cas de vente \u00e0 distance, vous disposerez d&rsquo;un d\u00e9lai de r\u00e9tractation de 14 jours. Un lien s\u00e9curis\u00e9 pour son paiement vous sera envoy\u00e9 d\u00e8s la commande.<\/p>\n<p>Voici le lien pour nous informer de votre demande : <a href=\"https:\/\/forms.gle\/zrw5tWteHhg9CqXAA\" target=\"_blank\" rel=\"noopener\">https:\/\/forms.gle\/zrw5tWteHhg9CqXAA<\/a><\/p>\n<p><strong>Vous avez re\u00e7u un bon cadeau pour un\/des cours de poterie @AtelierRyokan ?<\/strong><img loading=\"lazy\" decoding=\"async\" class=\" wp-image-1502 alignright\" src=\"https:\/\/atelierryokan.fr\/wp-content\/uploads\/2024\/11\/IMG_6974-225x300.jpeg\" alt=\"\" width=\"182\" height=\"243\" srcset=\"https:\/\/atelierryokan.fr\/wp-content\/uploads\/2024\/11\/IMG_6974-225x300.jpeg 225w, https:\/\/atelierryokan.fr\/wp-content\/uploads\/2024\/11\/IMG_6974-768x1024.jpeg 768w, https:\/\/atelierryokan.fr\/wp-content\/uploads\/2024\/11\/IMG_6974-1152x1536.jpeg 1152w, https:\/\/atelierryokan.fr\/wp-content\/uploads\/2024\/11\/IMG_6974-1536x2048.jpeg 1536w, https:\/\/atelierryokan.fr\/wp-content\/uploads\/2024\/11\/IMG_6974-scaled.jpeg 1920w\" sizes=\"auto, (max-width: 182px) 100vw, 182px\" \/><br \/>Vous avez h\u00e2te de planifier votre\/vos cours ou stage @AtelierRyokan ?<br \/>Ne perdez pas cette chance qui vous est offerte !<br \/>Ce bon cadeau est valable 6 mois. Sans tarder, contactez Laurence au +33 (0)6 83 26 07 34 ou par mail : Contact@AtelierRyokan.fr. Laurence fera tout son possible pour trouver le meilleur cr\u00e9neau adapt\u00e9 selon votre disponibilit\u00e9.<\/p>\n<p><strong><img loading=\"lazy\" decoding=\"async\" class=\"alignnone size-medium wp-image-1505\" src=\"https:\/\/atelierryokan.fr\/wp-content\/uploads\/2024\/11\/IMG_6599-225x300.jpeg\" alt=\"\" width=\"225\" height=\"300\" srcset=\"https:\/\/atelierryokan.fr\/wp-content\/uploads\/2024\/11\/IMG_6599-225x300.jpeg 225w, https:\/\/atelierryokan.fr\/wp-content\/uploads\/2024\/11\/IMG_6599-768x1024.jpeg 768w, https:\/\/atelierryokan.fr\/wp-content\/uploads\/2024\/11\/IMG_6599-1152x1536.jpeg 1152w, https:\/\/atelierryokan.fr\/wp-content\/uploads\/2024\/11\/IMG_6599-1536x2048.jpeg 1536w, https:\/\/atelierryokan.fr\/wp-content\/uploads\/2024\/11\/IMG_6599-scaled.jpeg 1920w\" sizes=\"auto, (max-width: 225px) 100vw, 225px\" \/><\/strong><\/p>\n\n\n<figure class=\"wp-block-image size-full\"><img loading=\"lazy\" decoding=\"async\" width=\"2560\" height=\"2560\" src=\"https:\/\/atelierryokan.fr\/wp-content\/uploads\/2024\/12\/boncadeau-coursdepoterie-AtelierRyokan-scaled.jpeg\" alt=\"\" class=\"wp-image-1534\" srcset=\"https:\/\/atelierryokan.fr\/wp-content\/uploads\/2024\/12\/boncadeau-coursdepoterie-AtelierRyokan-scaled.jpeg 2560w, https:\/\/atelierryokan.fr\/wp-content\/uploads\/2024\/12\/boncadeau-coursdepoterie-AtelierRyokan-300x300.jpeg 300w, https:\/\/atelierryokan.fr\/wp-content\/uploads\/2024\/12\/boncadeau-coursdepoterie-AtelierRyokan-150x150.jpeg 150w, https:\/\/atelierryokan.fr\/wp-content\/uploads\/2024\/12\/boncadeau-coursdepoterie-AtelierRyokan-768x768.jpeg 768w, https:\/\/atelierryokan.fr\/wp-content\/uploads\/2024\/12\/boncadeau-coursdepoterie-AtelierRyokan-1536x1536.jpeg 1536w, https:\/\/atelierryokan.fr\/wp-content\/uploads\/2024\/12\/boncadeau-coursdepoterie-AtelierRyokan-2048x2048.jpeg 2048w\" sizes=\"auto, (max-width: 2560px) 100vw, 2560px\" \/><\/figure>\n\n\n\n<p><\/p>\n","protected":false},"excerpt":{"rendered":"<p>Que ce soit par les enfants, les adolescents ou les adultes, les cours de poterie sont reconnus pour leurs biens-faits,&#8230;<\/p>\n","protected":false},"author":1,"featured_media":0,"parent":0,"menu_order":0,"comment_status":"closed","ping_status":"closed","template":"","meta":{"_exactmetrics_skip_tracking":false,"_exactmetrics_sitenote_active":false,"_exactmetrics_sitenote_note":"","_exactmetrics_sitenote_category":0,"footnotes":""},"class_list":["post-1500","page","type-page","status-publish","hentry"],"_links":{"self":[{"href":"https:\/\/atelierryokan.fr\/index.php\/wp-json\/wp\/v2\/pages\/1500","targetHints":{"allow":["GET"]}}],"collection":[{"href":"https:\/\/atelierryokan.fr\/index.php\/wp-json\/wp\/v2\/pages"}],"about":[{"href":"https:\/\/atelierryokan.fr\/index.php\/wp-json\/wp\/v2\/types\/page"}],"author":[{"embeddable":true,"href":"https:\/\/atelierryokan.fr\/index.php\/wp-json\/wp\/v2\/users\/1"}],"replies":[{"embeddable":true,"href":"https:\/\/atelierryokan.fr\/index.php\/wp-json\/wp\/v2\/comments?post=1500"}],"version-history":[{"count":11,"href":"https:\/\/atelierryokan.fr\/index.php\/wp-json\/wp\/v2\/pages\/1500\/revisions"}],"predecessor-version":[{"id":1594,"href":"https:\/\/atelierryokan.fr\/index.php\/wp-json\/wp\/v2\/pages\/1500\/revisions\/1594"}],"wp:attachment":[{"href":"https:\/\/atelierryokan.fr\/index.php\/wp-json\/wp\/v2\/media?parent=1500"}],"curies":[{"name":"wp","href":"https:\/\/api.w.org\/{rel}","templated":true}]}}