{"id":1001,"date":"2018-06-07T00:40:51","date_gmt":"2018-06-06T22:40:51","guid":{"rendered":"http:\/\/www.atelierryokan.fr\/?page_id=1001"},"modified":"2018-06-07T04:10:52","modified_gmt":"2018-06-07T02:10:52","slug":"portfolio-new","status":"publish","type":"page","link":"https:\/\/atelierryokan.fr\/index.php\/portfolio-new\/","title":{"rendered":"Portfolio new"},"content":{"rendered":"[vc_row][vc_column width=\u00a0\u00bb1\/4&Prime;][\/vc_column][vc_column width=\u00a0\u00bb1\/2&Prime;][vc_column_text]<strong>Les intemporels de Atelier Ryokan<\/strong><\/p>\n<p>Les c\u00e9ramiques tournent, d\u00e9filent, s&rsquo;exposent, s&rsquo;observent, se touchent.<\/p>\n<p>Les mati\u00e8res premi\u00e8res soigneusement choisies encouragent \u00e0 les laisser apparentes,<br \/>\nsur le devant de la sc\u00e8ne, en jouant parfois avec la subtilit\u00e9 de la transparence.<\/p>\n<p>En m\u00eame temps brutes et douces, elles restent uniques, avec du sur-mesure \u00e0 la demande.<\/p>\n<p>Des cr\u00e9ations de plus en plus hautes pour r\u00e9pondre aux amoureux des grands espaces.<br \/>\nElles doublent de volume par assemblage pour d\u00e9voiler leur discr\u00e8te personnalit\u00e9.<\/p>\n<p>&nbsp;<\/p>\n<p><strong>Collection \u00e9maux 2018\/19 : B.L.A.N.C devient couleurs en oxydation.<\/strong><\/p>\n<ul>\n<li><strong>B<\/strong>lanc (<em>\u00e9tain<\/em>)<\/li>\n<li><strong>L<\/strong>apis lazuli (<em>bleu de cobalt<\/em>)<\/li>\n<li><strong>A<\/strong>zuki (<em>rose de chrome<\/em>)<\/li>\n<li><strong>N<\/strong>oir &amp; Oribe (<em>fer noir, vert fonc\u00e9<\/em>)<\/li>\n<li><strong>C<\/strong>eladon (<em>cuivre, vert clair au gris<\/em>)<\/li>\n<\/ul>\n<p>&nbsp;<\/p>\n[\/vc_column_text][\/vc_column][vc_column width=\u00a0\u00bb1\/4&Prime;][\/vc_column][\/vc_row]\n","protected":false},"excerpt":{"rendered":"<p>[vc_row][vc_column width=\u00a0\u00bb1\/4&Prime;][\/vc_column][vc_column width=\u00a0\u00bb1\/2&Prime;][vc_column_text]Les intemporels de Atelier Ryokan Les c\u00e9ramiques tournent, d\u00e9filent, s&rsquo;exposent, s&rsquo;observent, se touchent. Les mati\u00e8res premi\u00e8res soigneusement choisies&#8230;<\/p>\n","protected":false},"author":1,"featured_media":0,"parent":0,"menu_order":0,"comment_status":"closed","ping_status":"closed","template":"template-bg-slider.php","meta":{"_exactmetrics_skip_tracking":false,"_exactmetrics_sitenote_active":false,"_exactmetrics_sitenote_note":"","_exactmetrics_sitenote_category":0,"footnotes":""},"class_list":["post-1001","page","type-page","status-publish","hentry"],"_links":{"self":[{"href":"https:\/\/atelierryokan.fr\/index.php\/wp-json\/wp\/v2\/pages\/1001","targetHints":{"allow":["GET"]}}],"collection":[{"href":"https:\/\/atelierryokan.fr\/index.php\/wp-json\/wp\/v2\/pages"}],"about":[{"href":"https:\/\/atelierryokan.fr\/index.php\/wp-json\/wp\/v2\/types\/page"}],"author":[{"embeddable":true,"href":"https:\/\/atelierryokan.fr\/index.php\/wp-json\/wp\/v2\/users\/1"}],"replies":[{"embeddable":true,"href":"https:\/\/atelierryokan.fr\/index.php\/wp-json\/wp\/v2\/comments?post=1001"}],"version-history":[{"count":8,"href":"https:\/\/atelierryokan.fr\/index.php\/wp-json\/wp\/v2\/pages\/1001\/revisions"}],"predecessor-version":[{"id":1040,"href":"https:\/\/atelierryokan.fr\/index.php\/wp-json\/wp\/v2\/pages\/1001\/revisions\/1040"}],"wp:attachment":[{"href":"https:\/\/atelierryokan.fr\/index.php\/wp-json\/wp\/v2\/media?parent=1001"}],"curies":[{"name":"wp","href":"https:\/\/api.w.org\/{rel}","templated":true}]}}